[INFO] fetching crate specs_sprite 0.4.3...
[INFO] checking specs_sprite-0.4.3 against master#af3c6e733a40e671550e0f0f5aeecaa13772ba56 for pr-74989
[INFO] extracting crate specs_sprite 0.4.3 into /workspace/builds/worker-1/source
[INFO] validating manifest of crates.io crate specs_sprite 0.4.3 on toolchain af3c6e733a40e671550e0f0f5aeecaa13772ba56
[INFO] running `Command { std: "/workspace/cargo-home/bin/cargo" "+af3c6e733a40e671550e0f0f5aeecaa13772ba56" "read-manifest" "--manifest-path" "Cargo.toml", kill_on_drop: false }`
[INFO] started tweaking crates.io crate specs_sprite 0.4.3
[INFO] finished tweaking crates.io crate specs_sprite 0.4.3
[INFO] tweaked toml for crates.io crate specs_sprite 0.4.3 written to /workspace/builds/worker-1/source/Cargo.toml
[INFO] running `Command { std: "/workspace/cargo-home/bin/cargo" "+af3c6e733a40e671550e0f0f5aeecaa13772ba56" "generate-lockfile" "--manifest-path" "Cargo.toml" "-Zno-index-update", kill_on_drop: false }`
[INFO] running `Command { std: "/workspace/cargo-home/bin/cargo" "+af3c6e733a40e671550e0f0f5aeecaa13772ba56" "fetch" "--locked" "--manifest-path" "Cargo.toml", kill_on_drop: false }`
[INFO] running `Command { std: "docker" "create" "-v" "/var/lib/crater-agent-workspace/builds/worker-1/target:/opt/rustwide/target:rw,Z" "-v" "/var/lib/crater-agent-workspace/builds/worker-1/source:/opt/rustwide/workdir:ro,Z" "-v" "/var/lib/crater-agent-workspace/cargo-home:/opt/rustwide/cargo-home:ro,Z" "-v" "/var/lib/crater-agent-workspace/rustup-home:/opt/rustwide/rustup-home:ro,Z" "-e" "SOURCE_DIR=/opt/rustwide/workdir" "-e" "CARGO_TARGET_DIR=/opt/rustwide/target" "-e" "CARGO_HOME=/opt/rustwide/cargo-home" "-e" "RUSTUP_HOME=/opt/rustwide/rustup-home" "-w" "/opt/rustwide/workdir" "-m" "1610612736" "--user" "0:0" "--network" "none" "rustops/crates-build-env@sha256:d92eaeed33fa75130ca1ee6c8a01d1ffb62bac859dfdfb3450e3e5d1c0146529" "/opt/rustwide/cargo-home/bin/cargo" "+af3c6e733a40e671550e0f0f5aeecaa13772ba56" "metadata" "--no-deps" "--format-version=1", kill_on_drop: false }`
[INFO] [stderr] WARNING: Your kernel does not support swap limit capabilities or the cgroup is not mounted. Memory limited without swap.
[INFO] [stdout] 068f9b3ca2fd960ab16f108d2dae86a73416a82f0a7a26b8782b61bee368851b
[INFO] running `Command { std: "docker" "start" "-a" "068f9b3ca2fd960ab16f108d2dae86a73416a82f0a7a26b8782b61bee368851b", kill_on_drop: false }`
[INFO] running `Command { std: "docker" "inspect" "068f9b3ca2fd960ab16f108d2dae86a73416a82f0a7a26b8782b61bee368851b", kill_on_drop: false }`
[INFO] running `Command { std: "docker" "rm" "-f" "068f9b3ca2fd960ab16f108d2dae86a73416a82f0a7a26b8782b61bee368851b", kill_on_drop: false }`
[INFO] [stdout] 068f9b3ca2fd960ab16f108d2dae86a73416a82f0a7a26b8782b61bee368851b
[INFO] running `Command { std: "docker" "create" "-v" "/var/lib/crater-agent-workspace/builds/worker-1/target:/opt/rustwide/target:rw,Z" "-v" "/var/lib/crater-agent-workspace/builds/worker-1/source:/opt/rustwide/workdir:ro,Z" "-v" "/var/lib/crater-agent-workspace/cargo-home:/opt/rustwide/cargo-home:ro,Z" "-v" "/var/lib/crater-agent-workspace/rustup-home:/opt/rustwide/rustup-home:ro,Z" "-e" "SOURCE_DIR=/opt/rustwide/workdir" "-e" "CARGO_TARGET_DIR=/opt/rustwide/target" "-e" "CARGO_INCREMENTAL=0" "-e" "RUST_BACKTRACE=full" "-e" "RUSTFLAGS=--cap-lints=forbid" "-e" "CARGO_HOME=/opt/rustwide/cargo-home" "-e" "RUSTUP_HOME=/opt/rustwide/rustup-home" "-w" "/opt/rustwide/workdir" "-m" "1610612736" "--user" "0:0" "--network" "none" "rustops/crates-build-env@sha256:d92eaeed33fa75130ca1ee6c8a01d1ffb62bac859dfdfb3450e3e5d1c0146529" "/opt/rustwide/cargo-home/bin/cargo" "+af3c6e733a40e671550e0f0f5aeecaa13772ba56" "check" "--frozen" "--all" "--all-targets" "--message-format=json", kill_on_drop: false }`
[INFO] [stderr] WARNING: Your kernel does not support swap limit capabilities or the cgroup is not mounted. Memory limited without swap.
[INFO] [stdout] 849a0fe444a9526633d941c733f5aff1c309e0b74ba6d7e73636fd7743da9b52
[INFO] running `Command { std: "docker" "start" "-a" "849a0fe444a9526633d941c733f5aff1c309e0b74ba6d7e73636fd7743da9b52", kill_on_drop: false }`
[INFO] [stderr]     Checking cfg-if v0.1.10
[INFO] [stderr]     Checking lazy_static v1.4.0
[INFO] [stderr]    Compiling maybe-uninit v2.0.0
[INFO] [stderr]     Checking rand_core v0.4.2
[INFO] [stderr]     Checking scopeguard v1.1.0
[INFO] [stderr]    Compiling byteorder v1.3.4
[INFO] [stderr]    Compiling semver-parser v0.7.0
[INFO] [stderr]    Compiling bitflags v1.2.1
[INFO] [stderr]    Compiling memchr v2.3.3
[INFO] [stderr]     Checking smallvec v1.4.2
[INFO] [stderr]    Compiling arrayvec v0.4.12
[INFO] [stderr]    Compiling autocfg v0.1.7
[INFO] [stderr]     Checking nodrop v0.1.14
[INFO] [stderr]     Checking mopa v0.2.2
[INFO] [stderr]     Checking atom v0.3.5
[INFO] [stderr]     Checking memoffset v0.2.1
[INFO] [stderr]     Checking crossbeam-utils v0.5.0
[INFO] [stderr]    Compiling syn v0.15.44
[INFO] [stderr]     Checking ahash v0.3.8
[INFO] [stderr]     Checking slab v0.4.2
[INFO] [stderr]     Checking shrev v1.1.1
[INFO] [stderr]     Checking arrayvec v0.5.1
[INFO] [stderr]     Checking tuple_utils v0.3.0
[INFO] [stderr]    Compiling nonzero_signed v1.0.3
[INFO] [stderr]     Checking lazycell v1.3.0
[INFO] [stderr]    Compiling proc-macro2 v1.0.21
[INFO] [stderr]     Checking cast_trait v0.1.2
[INFO] [stderr]    Compiling unicode-xid v0.2.1
[INFO] [stderr]     Checking tuple_utils v0.2.0
[INFO] [stderr]    Compiling syn v1.0.40
[INFO] [stderr]     Checking type-name v0.1.0
[INFO] [stderr]     Checking percent-encoding v2.1.0
[INFO] [stderr]     Checking instant v0.1.6
[INFO] [stderr]     Checking percent-encoding v1.0.1
[INFO] [stderr]    Compiling hashbrown v0.7.2
[INFO] [stderr]    Compiling nom v5.1.2
[INFO] [stderr]     Checking lock_api v0.3.4
[INFO] [stderr]     Checking crossbeam-utils v0.6.6
[INFO] [stderr]     Checking thread_local v1.0.1
[INFO] [stderr]     Checking rand_core v0.3.1
[INFO] [stderr]     Checking rand_jitter v0.1.4
[INFO] [stderr]    Compiling semver v0.9.0
[INFO] [stderr]    Compiling libloading v0.5.2
[INFO] [stderr]     Checking libloading v0.6.3
[INFO] [stderr]     Checking log v0.4.11
[INFO] [stderr]     Checking rand_hc v0.1.0
[INFO] [stderr]     Checking rand_isaac v0.1.1
[INFO] [stderr]     Checking rand_xorshift v0.1.1
[INFO] [stderr]     Checking rand v0.5.6
[INFO] [stderr]     Checking net2 v0.2.35
[INFO] [stderr]     Checking iovec v0.1.4
[INFO] [stderr]     Checking rand_os v0.1.3
[INFO] [stderr]     Checking shared_library v0.1.9
[INFO] [stderr]     Checking parking_lot_core v0.7.2
[INFO] [stderr]     Checking raw-window-handle v0.3.3
[INFO] [stderr]     Checking time v0.1.44
[INFO] [stderr]     Checking crossbeam-utils v0.7.2
[INFO] [stderr]    Compiling rand_chacha v0.1.1
[INFO] [stderr]    Compiling rand_pcg v0.1.2
[INFO] [stderr]    Compiling rand v0.6.5
[INFO] [stderr]     Checking nix v0.14.1
[INFO] [stderr]     Checking smallvec v0.6.13
[INFO] [stderr]     Checking x11-dl v2.18.5
[INFO] [stderr]     Checking dlib v0.4.2
[INFO] [stderr]    Compiling gl_generator v0.14.0
[INFO] [stderr]    Compiling gl_generator v0.10.0
[INFO] [stderr]     Checking ordered-float v1.1.0
[INFO] [stderr]     Checking approx v0.3.2
[INFO] [stderr]     Checking line_drawing v0.7.0
[INFO] [stderr]     Checking vec3 v0.2.1
[INFO] [stderr]    Compiling rustc_version v0.2.3
[INFO] [stderr]     Checking osmesa-sys v0.1.2
[INFO] [stderr]    Compiling wayland-scanner v0.23.6
[INFO] [stderr]     Checking mio v0.6.22
[INFO] [stderr]     Checking parking_lot v0.10.2
[INFO] [stderr]     Checking aho-corasick v0.7.13
[INFO] [stderr]     Checking wayland-sys v0.23.6
[INFO] [stderr]     Checking wayland-sys v0.21.13
[INFO] [stderr]     Checking crossbeam-epoch v0.8.2
[INFO] [stderr]     Checking crossbeam-channel v0.4.4
[INFO] [stderr]     Checking crossbeam-queue v0.2.3
[INFO] [stderr]     Checking crossbeam-epoch v0.5.2
[INFO] [stderr]     Checking crossbeam-epoch v0.6.1
[INFO] [stderr]     Checking vec2 v0.2.1
[INFO] [stderr]     Checking mat4 v0.2.1
[INFO] [stderr]     Checking stb_truetype v0.3.1
[INFO] [stderr]     Checking fxhash v0.2.1
[INFO] [stderr]    Compiling parking_lot_core v0.3.1
[INFO] [stderr]    Compiling parking_lot_core v0.4.0
[INFO] [stderr]    Compiling quote v1.0.7
[INFO] [stderr]     Checking mio-extras v2.0.6
[INFO] [stderr]     Checking crossbeam-deque v0.7.3
[INFO] [stderr]     Checking crossbeam-deque v0.5.2
[INFO] [stderr]     Checking mat32 v0.2.1
[INFO] [stderr]     Checking regex v1.3.9
[INFO] [stderr]     Checking rusttype v0.8.3
[INFO] [stderr]     Checking rayon-core v1.8.0
[INFO] [stderr]    Compiling gl v0.11.0
[INFO] [stderr]    Compiling glutin v0.19.0
[INFO] [stderr]    Compiling glutin_glx_sys v0.1.7
[INFO] [stderr]    Compiling glutin_egl_sys v0.1.5
[INFO] [stderr]     Checking parking_lot v0.6.4
[INFO] [stderr]     Checking rusttype v0.7.9
[INFO] [stderr]     Checking rayon v1.4.0
[INFO] [stderr]     Checking andrew v0.2.1
[INFO] [stderr]     Checking crossbeam-channel v0.2.6
[INFO] [stderr]     Checking tynm v0.1.4
[INFO] [stderr]     Checking crossbeam v0.4.1
[INFO] [stderr]     Checking parking_lot v0.7.1
[INFO] [stderr]    Compiling wayland-client v0.23.6
[INFO] [stderr]    Compiling wayland-protocols v0.23.6
[INFO] [stderr]     Checking calloop v0.4.4
[INFO] [stderr]     Checking wayland-commons v0.23.6
[INFO] [stderr]     Checking wayland-commons v0.21.13
[INFO] [stderr]     Checking wayland-client v0.21.13
[INFO] [stderr]    Compiling derivative v1.0.4
[INFO] [stderr]    Compiling shred-derive v0.5.1
[INFO] [stderr]     Checking hibitset v0.6.3
[INFO] [stderr]     Checking shred v0.10.2
[INFO] [stderr]     Checking shred v0.7.2
[INFO] [stderr]     Checking hibitset v0.5.4
[INFO] [stderr]     Checking wayland-protocols v0.21.13
[INFO] [stderr]     Checking specs v0.16.1
[INFO] [stderr]    Compiling serde_derive v1.0.116
[INFO] [stderr]     Checking gl_helpers v0.1.8
[INFO] [stderr]     Checking specs_bundler v0.5.0
[INFO] [stderr]     Checking specs_guided_join v0.2.1
[INFO] [stderr]     Checking specs v0.14.3
[INFO] [stderr]     Checking smithay-client-toolkit v0.4.6
[INFO] [stderr]     Checking specs_scene_graph v0.2.3
[INFO] [stderr]     Checking specs_time v0.5.2
[INFO] [stderr]     Checking specs_sprite v0.4.3 (/opt/rustwide/workdir)
[INFO] [stdout] error[E0599]: no method named `register` found for mutable reference `&'world mut shred::world::World` in the current scope
[INFO] [stdout]   --> src/sprite_bundle.rs:44:23
[INFO] [stdout]    |
[INFO] [stdout] 44 |         bundler.world.register::<Sprite<T, I>>();
[INFO] [stdout]    |                       ^^^^^^^^ method not found in `&'world mut shred::world::World`
[INFO] [stdout]    |
[INFO] [stdout]    = help: items from traits can only be used if the trait is in scope
[INFO] [stdout]    = note: the following trait is implemented but not in scope; perhaps add a `use` for it:
[INFO] [stdout]            `use specs::world::world_ext::WorldExt;`
[INFO] [stdout] 
[INFO] [stdout] 
[INFO] [stdout] error[E0609]: no field `res` on type `&'world mut shred::world::World`
[INFO] [stdout]   --> src/sprite_bundle.rs:48:41
[INFO] [stdout]    |
[INFO] [stdout] 48 |         system.setup(&mut bundler.world.res);
[INFO] [stdout]    |                                         ^^^ unknown field
[INFO] [stdout] 
[INFO] [stdout] 
[INFO] [stdout] error[E0277]: the trait bound `for<'c> SpriteSystem<T, I>: shred::system::System<'c>` is not satisfied
[INFO] [stdout]   --> src/sprite_bundle.rs:50:65
[INFO] [stdout]    |
[INFO] [stdout] 50 |         bundler.dispatcher_builder = bundler.dispatcher_builder.with(
[INFO] [stdout]    |                                                                 ^^^^ the trait `for<'c> shred::system::System<'c>` is not implemented for `SpriteSystem<T, I>`
[INFO] [stdout] 
[INFO] [stdout] 
[INFO] [stdout] error: aborting due to 3 previous errors
[INFO] [stdout] 
[INFO] [stdout] 
[INFO] [stdout] Some errors have detailed explanations: E0277, E0599, E0609.
[INFO] [stdout] 
[INFO] [stdout] For more information about an error, try `rustc --explain E0277`.
[INFO] [stdout] 
[INFO] [stderr] error: could not compile `specs_sprite`.
[INFO] [stderr] 
[INFO] [stderr] To learn more, run the command again with --verbose.
[INFO] [stderr] warning: build failed, waiting for other jobs to finish...
[INFO] [stdout] error[E0599]: no method named `register` found for mutable reference `&'world mut shred::world::World` in the current scope
[INFO] [stdout]   --> /opt/rustwide/cargo-home/registry/src/github.com-1ecc6299db9ec823/specs_scene_graph-0.2.3/src/scene_graph_bundle.rs:43:23
[INFO] [stdout]    |
[INFO] [stdout] 43 |         bundler.world.register::<P>();
[INFO] [stdout]    |                       ^^^^^^^^ method not found in `&'world mut shred::world::World`
[INFO] [stdout]    |
[INFO] [stdout]    = help: items from traits can only be used if the trait is in scope
[INFO] [stdout]    = note: the following trait is implemented but not in scope; perhaps add a `use` for it:
[INFO] [stdout]            `use specs::world::world_ext::WorldExt;`
[INFO] [stdout] 
[INFO] [stdout] 
[INFO] [stdout] error[E0609]: no field `res` on type `&'world mut shred::world::World`
[INFO] [stdout]   --> /opt/rustwide/cargo-home/registry/src/github.com-1ecc6299db9ec823/specs_scene_graph-0.2.3/src/scene_graph_bundle.rs:47:41
[INFO] [stdout]    |
[INFO] [stdout] 47 |         system.setup(&mut bundler.world.res);
[INFO] [stdout]    |                                         ^^^ unknown field
[INFO] [stdout] 
[INFO] [stdout] 
[INFO] [stdout] error[E0277]: the trait bound `for<'c> SceneGraphSystem<P>: shred::system::System<'c>` is not satisfied
[INFO] [stdout]   --> /opt/rustwide/cargo-home/registry/src/github.com-1ecc6299db9ec823/specs_scene_graph-0.2.3/src/scene_graph_bundle.rs:49:65
[INFO] [stdout]    |
[INFO] [stdout] 49 |         bundler.dispatcher_builder = bundler.dispatcher_builder.with(
[INFO] [stdout]    |                                                                 ^^^^ the trait `for<'c> shred::system::System<'c>` is not implemented for `SceneGraphSystem<P>`
[INFO] [stdout] 
[INFO] [stdout] 
[INFO] [stdout] error[E0599]: no method named `add_resource` found for mutable reference `&'world mut shred::world::World` in the current scope
[INFO] [stdout]   --> /opt/rustwide/cargo-home/registry/src/github.com-1ecc6299db9ec823/specs_time-0.5.2/src/time_bundle.rs:41:23
[INFO] [stdout]    |
[INFO] [stdout] 41 |         bundler.world.add_resource(Time::<T>::default());
[INFO] [stdout]    |                       ^^^^^^^^^^^^ method not found in `&'world mut shred::world::World`
[INFO] [stdout]    |
[INFO] [stdout]    = help: items from traits can only be used if the trait is in scope
[INFO] [stdout]    = note: the following trait is implemented but not in scope; perhaps add a `use` for it:
[INFO] [stdout]            `use specs::world::world_ext::WorldExt;`
[INFO] [stdout] 
[INFO] [stdout] 
[INFO] [stdout] error: aborting due to 3 previous errors
[INFO] [stdout] 
[INFO] [stdout] 
[INFO] [stdout] Some errors have detailed explanations: E0277, E0599, E0609.
[INFO] [stdout] 
[INFO] [stdout] For more information about an error, try `rustc --explain E0277`.
[INFO] [stdout] 
[INFO] [stdout] error[E0277]: the trait bound `for<'c> TimeSystem<T>: shred::system::System<'c>` is not satisfied
[INFO] [stdout]   --> /opt/rustwide/cargo-home/registry/src/github.com-1ecc6299db9ec823/specs_time-0.5.2/src/time_bundle.rs:43:36
[INFO] [stdout]    |
[INFO] [stdout] 43 |         bundler.dispatcher_builder.add(
[INFO] [stdout]    |                                    ^^^ the trait `for<'c> shred::system::System<'c>` is not implemented for `TimeSystem<T>`
[INFO] [stdout] 
[INFO] [stdout] 
[INFO] [stdout] error: aborting due to 2 previous errors
[INFO] [stdout] 
[INFO] [stdout] 
[INFO] [stdout] Some errors have detailed explanations: E0277, E0599.
[INFO] [stdout] 
[INFO] [stdout] For more information about an error, try `rustc --explain E0277`.
[INFO] [stdout] 
[INFO] [stderr] error: build failed
[INFO] running `Command { std: "docker" "inspect" "849a0fe444a9526633d941c733f5aff1c309e0b74ba6d7e73636fd7743da9b52", kill_on_drop: false }`
[INFO] running `Command { std: "docker" "rm" "-f" "849a0fe444a9526633d941c733f5aff1c309e0b74ba6d7e73636fd7743da9b52", kill_on_drop: false }`
[INFO] [stdout] 849a0fe444a9526633d941c733f5aff1c309e0b74ba6d7e73636fd7743da9b52
